 is (-24 - -22 - 16) + -16 + 4?
-30
What is 0 + 3 + 1 - -2 - (17 - 2)?
-9
Calculate -5 - (-2 + 1 + -2 - (6 + 8)).
12
Calculate 4 + 3 + 8 + -3 + -9.
3
Evaluate 4 + (-10 - -5) + -4 - (-2 + 1).
-4
Evaluate (-5 - (-4 - -5) - -6) + 5 + 0.
5
Calculate 13 - 12 - (3 + 7 + -2 - 6).
-1
20 + -75 + 22 - (-5 + -6)
-22
12 + -7 + 0 + 6
11
Calculate 21 + 7 + -28 - (-8 - -1).
7
What is 2 + (-6 + 18 - 13)?
1
Calculate -132 - -133 - (-8 - -1) - 19.
-11
What is 1 + -5 - 4 - (-6 + -6 + 9)?
-5
Calculate -6 + -14 - -3 - 0.
-17
Evaluate (-61 + 41 - -43) + -3.
20
What is 0 - 17 - (160 + -176)?
-1
Calculate 1 - (18 - 18) - -13.
14
-3 + 9 - (45 - 45)
6
Calculate (10 - 25 - -15) + 0 + 5 + -7.
-2
Evaluate (-12 - 4) + (-36 - (5 - 23)).
-34
22 + -8 + -10 + 3 + 5
12
What is -15 + (-15 - -30 - 3) - (-35 - -2)?
30
-5 - -6 - (-21 - (-11 - (-4 - 0)))
15
Evaluate 10 + -30 + -20 + 22.
-18
(8 - 13) + 11 - (-4 - (-9 + 4))
5
(4 - 3) + 5 + -11 - (4 - 37)
28
-33 - (8 + (2 - 8) + -9)
-26
(17 - 1) + (7 + 17 + -14 - 8)
18
-1 + -5 - (17 - 10 - 7)
-6
-20 + -4 + 4 - -39
19
Calculate (13 - (-1 - 4)) + -14.
4
What is the value of 10 + (5 - (32 + -14))?
-3
Calculate -16 - -1 - (-13 + 14 - (-1 + 7)).
-10
Evaluate -14 + 4 + (-4 - 1) + 6 - -5.
-4
Calculate -7 + 12 + -10 + -2 - 8.
-15
Calculate (6 + -14 - -34) + (28 - 29).
25
What is 9 + (-14 - (2 - 9)) + -22?
-20
-12 - (-16 - (-11 - (-5 - 6)))
4
4 - (-1 + 16 + -4 - 10)
3
What is (-8 - -5) + 2 + -3 + -1 + -4?
-9
What is the value of 11 + (11 - 5) + -1 + -10 - -3?
9
What is the value of 3 + -14 + (15 - (5 + -1))?
0
What is the value of -32 + -9 + 9 + 9 - -9?
-14
What is the value of (-1 - -4) + (0 - 1) - (60 - 60)?
2
What is 14 - ((-10 - -10) + 10) - (-13 - -1)?
16
What is the value of (-11 - (12 + -24)) + (-1 - 2)?
-2
What is the value of 9 + -1 - (14 + (-24 - -12) + 17)?
-11
Evaluate -2 + (21 - 10) - (-1 - -8).
2
Calculate 3092 - 3097 - (-20 + (0 - (-4 - -2))).
13
Calculate -11 + 6 + -14 + 17.
-2
What is -44 + -39 + 57 - 4?
-30
Evaluate (-2 - 1) + 12 + -35 + (11 - -4).
-11
Evaluate (-12 - 19) + 22 - ((-1 - -2) + 0).
-10
What is 0 - (-2 + 2) - 8?
-8
What is the value of 4 + 9 + (8 - 9)?
12
What is -37 + (-24 + 10 - -19 - -7)?
-25
Evaluate -21 + (0 - -29 - -11).
19
Evaluate 9 + -18 + -2 + -3.
-14
What is the value of -1 + 15 - (0 - (1 + 5 + 2))?
22
Calculate (-21 - -5) + 20 + 2.
6
What is the value of 4 + 4 - (-31 - -27)?
12
What is the value of -391 + 382 - (-35 - (-3 + (0 - -3)))?
26
What is -2898 + 2881 - (-19 - (-2 + 0))?
0
Evaluate -7 + -5 + (-14 - -31).
5
Evaluate (68 - (90 + -14)) + 16 + 0.
8
What is the value of 16 + (38 - 17 - 40)?
-3
Evaluate -2 - (3 + 10 + -5 - -2).
-12
10 + (-16 - -3) - (0 + -2 + -2)
1
Calculate 34 - 39 - (-3 - -13).
-15
Evaluate 9 - (-4 + 5) - (5 - -6 - 5).
2
(-5 + 3 - -3) + (12 - 2) + -5
6
-7 + 2 + 12 - -4
11
Evaluate 22 - 2 - (-9 - -7) - 5.
17
Calculate 13 + (-30 - -6) + 15.
4
-16 + 1 - (3 + -11 - (-1 + -2))
-10
Evaluate 22 + (-2 - 21) + (0 - -5).
4
What is -4 - (-2 + -3 + 0 + 4 + -1)?
-2
What is 1 + -9 + 18 + -5?
5
What is -1 + 24 + -8 + -16 + -9?
-10
Calculate -4 - (10 - -11 - 9).
-16
Calculate -19 + 24 + -12 + 18.
11
What is 2 + -2 - 4 - (-290 - -296)?
-10
-4 + ((-3 - -6) + -3 - -5) - 6
-5
0 + -2 + 4 - (49 - (82 + -41))
-6
Calculate -66 - -58 - ((0 - 2) + 2 + 3).
-11
Calculate -194 + 196 + -11 + -1.
-10
What is the value of -8 - (36 - (35 - 20))?
-29
Evaluate 1 + (0 + -4 - (12 + -15 - 14)).
14
(-3 + 2 - (16 + -20)) + 8
11
(4 - -19) + -45 - (-7 + -2 - -3)
-16
(8 + 27 - 27) + 2
10
Evaluate 2 - 6 - (-7 - -3).
0
What is -18 - (-34 + 23 + -13)?
6
Evaluate -39 + -12 + (28 - -7).
-16
1 - -8 - (-13 + 2 + 30)
-10
11 - (-80 + 97 - (13 + -1))
6
What is -21 + (-1 + (8 - (3 + 6)) - -1)?
-22
What is the value of 2 - 10 - 3 - -10 - 6?
-7
What is the value of 10 + (-8 - (-13 + 8))?
7
Calculate 24 + (-7 - (-9 - -9)) - 4.
13
What is 1 - (5 - 0) - (-7 + -9)?
12
What is the value of -11 + 2 + -194 + 203?
0
Evaluate -12 - (2 + 12 - (90 + -85)).
-21
Calculate 10 + (4 - (1 + -8)).
21
Calculate -2 + 2 + -16 + 6 + 9 + -2.
-3
What is the value of 27 + -26 - (-1 - -11)?
-9
(6 - -16 - -1) + (3 + -3 - 7)
16
Calculate 12 + -61 + (39 - 1).
-11
What is 35 + -12 + (-8 - -1 - -6)?
22
Calculate (11 - (6 - (5 - 20))) + 5.
-5
Calculate -2 + 1 + -10 - (-237 - -242).
-16
Calculate -27 - (-6 - (11 - -3)).
-7
-1 - (3 + -5 - -1 - 4)
4
Evaluate 1 + -8 + 10 - -10.
13
What is 5 + -3 + -13 + 5 - -11 - 12?
-7
Calculate (29 + -36 - -19) + 5 + 10.
27
Evaluate (-6 - 29) + 10 + 48.
23
What is the value of -2 - (-3 + 1 + 7 + 5 + -1)?
-11
What is -10 - (33 + -12) - -33?
2
What is -9 + 2 + 10 + -7 + 7?
3
Evaluate -1 + -5 + (-1 - -10) + (-29 - -2).
-24
What is -28 - (-38 + -5 + 31)?
-16
What is (13 - -13) + (14 - 13) + -16?
11
What is -3 + (-5 - -5 - -9) + 6?
12
Calculate 6 + -2 - (-9 - -8 - -4).
1
-2 + 4 + -6 + (-23 - -38)
11
What is the value of 2 + -14 - (276 + -270)?
-18
Evaluate (-4 + 7 - (3 + 3)) + 11 + -5.
3
Calculate 17 - 9 - -5 - (11 + -4).
6
What is (1 - 9) + (-70 - -73) + 5?
0
What is (-19 - (-1 - 5 - 4)) + -5?
-14
Calculate (8 - 10) + -9 + (-2 - -10).
-3
Calculate ((5 - -24) + 4 - (15 - 6)) + -1.
23
Evaluate (2 - -1) + -4 - (-7 + 7 + 14).
-15
1 + 10 - (-24 - (-3 - 19))
13
Calculate -21 + (19 - 13) + 7.
-8
What is -17 + 35 - (2 + 4 + -4)?
16
What is (16 - 2) + -22 + -3?
-11
What is -2 + -7 - (-11 + 19) - 11 - 2?
-30
What is 34 - 28 - (-8 + 30)?
-16
Calculate (-469 - -460) + 1 + 0.
-8
What is the value of -17 + 15 - 14 - -27?
11
What is the value of 14 + (-31 - -15) + 11?
9
What is the value of 5 - (-8 + 0) - (4 + 1)?
8
What is the value of (-4 - -2) + -13 + (-4 + -1 - -13)?
-7
(16 + 7 - 18) + 14 - 12
7
What is the value of -7 - (-4 - -6 - (4 - (-11 + 5)))?
1
Evaluate 3 + -1 + (-6 - (-1 + -10 + 9)).
-2
What is the value of 2 - (-6 - (-7 - -12 - 7)) - 7?
-1
What is -6 - (4 - 9 - 6) - (-52 + 54)?
3
Calculate -10 - (16 - 34) - -21 - (0 + 8).
21
Calculate (108 - 106) + (-22 - 0).
-20
What is the value of (-39 - -39 - (-1 + 17 - -1)) + 4?
-13
What is the value of 0 - ((-7 - 1) + -11 + 7 + 9)?
3
What is the value of -8 + (-24 + 24 - -10)?
2
What is (-6 + -11 - -10 - 0) + -19?
-26
What is the value of 10 - (-29 - (-3 + -21))?
15
8 - (13 + -23 + -10 + 6)
22
-3 + 11 + -2 + -9 + 7 + -2
2
Calculate (3 - 1) + (-15 - -12 - -3).
2
Evaluate 2 + -9 + (59 - 66) - -16.
2
What is the value of 2 + 20 + -19 + 5?
8
Calculate -199 - -219 - (4 + 5).
11
What is the value of 37 - 35 - (5 + -9 - -13)?
-7
(733 - 727) + (0 - 27)
-21
Evaluate -20 + -2 + (15 - 7 - (1 - 1)).
-14
Calculate -4 + (46 - 17 - (-5 + (4 - -4))).
22
39 + 1 + 5 + (-156 - -131)
20
What is 13 + 0 + -7 - (4 - (2 + 29))?
33
What is the value of (19 - (-2 - -12)) + (-1 - 0 - 4)?
4
Evaluate 19 + (33 - 52) - (6 + 1).
-7
Evaluate 69 + -66 - (-5 + 3 + 8).
-3
What is the value of -59 - (-40 + 26) - -8?
-37
Evaluate 42 - 11 - 5 - 9.
17
Calculate -1429 - -1395 - ((-1 + 2 - 3) + 1).
-33
What is the value of -2 + -1 + 12 + -24 + (-8 - -4)?
-19
What is 16 - (5 + -9 - (-22 - -13))?
11
10 + 1 + (2 - 3) + (-18 - -13)
5
Evaluate (5 - ((0 - 8) + 7)) + 2.
8
What is the value of 0 + (-5 + -2 - (-134 + 121))?
6
Calculate 1 - (12 - -1 - 21).
9
-11 + 25 - -2 - 10
6
Calculate -1 + (5 + 0 + 18 - (12 + -15)).
25
What is the value of (-16 - (0 - -2)) + (-26 - -33)?
-11
Evaluate 22 + 13 + (39 - 57).
17
(147 - 166) + (-1 - -2) + 1
-17
Evaluate 14 - (6 - (-37 + 7 + 1)).
-21
Calculate (9 - -20) + -28 - (1 - 10).
10
What is the value of 41 + -42 - (0 + 4)?
-5
57 + -57 - (-2 + 8)
-6
What is 6 - -8 - (-2 + 26)?
-10
Calculate (-2 - 4) + 4 - 2 - -6.
2
What is the value of 3 + -1 + -4 - (-1 + -1 + 11)?
-11
What is the value of -10 + (-8 - ((1 - -1) + -1))?
-19
Calculate (-19 - -1) + (393 - 373).
2
Calculate 0 + -5 + (-6 - ((4 - 3) + -4)).
-8
(-13 - (-7 + -23)) + (1 - 9) + -1
8
Evaluate 6 - (3 + -17 + 14) - -16.
22
What is -12 - (2 + -10 + (9 - -7) + -4)?
-16
7 - ((-8 - (-20 - -6)) + 8)
-7
What is the value of -10 + -13 + 4 + 11?
-8
Evaluate (1 - 0) + (-26 - -40).
15
What is the value of -26 - -11 - (-6 + 10 - 0)?
-19
What is -32 + 26 - (2 + 1 + -1)?
-8
What is the value of 4 + (-23 - (22 - 26))?
-15
What is the value of 4 + 0 + (9 - 9) + -4?
0
What is 60 + -72 + (1 + 1 - 4)?
-14
Calculate 15 + (-21 - (-19 - -11)).
2
Calculate (-11 - (-3 + -1)) + (-5